 - 4*x**2 - 2*x - 5. Suppose -2952*b + 180 = -2942*b. Calculate the remainder when b is divided by r(5).
8
Suppose 0 = 4*k - o + 3 - 14, -2*o = -2*k + 4. Suppose 2*w - 15 = -k*w. Let l = 4 + w. Calculate the remainder when 25 is divided by l.
4
Let b = -5 - -5. Suppose -4*o + b*o = -92. Suppose 42 = 5*x + 2. What is the remainder when o is divided by x?
7
Let j = 604 + -429. Calculate the remainder when j is divided by 8.
7
Let s(i) = -2*i + 4. Let y be s(-15). Suppose z = 3*z - y. What is the remainder when 98 is divided by z?
13
Let o(w) be the third derivative of -w**6/120 + w**4/24 - 2*w**3/3 - 5*w**2. What is the remainder when 3 is divided by o(-2)?
1
What is the remainder when 4 - (2/(-2)*71 + -5) is divided by 23?
11
Calculate the remainder when (2714/(-3))/((-319)/33 - -9) is divided by 80.
77
Suppose 0 = -9*z + 23 + 4. Suppose z*t = -3*t + 84. What is the remainder when 96 is divided by t?
12
Let m = 74 - 20. Suppose -27*z + 36*z = 72. What is the remainder when m is divided by z?
6
Let v be 7/(-4) + (-7)/28. Let x(m) = m**3 + 2*m**2 - 2*m - 2. Let r be x(v). Suppose -14 = -r*w + 16. Calculate the remainder when 55 is divided by w.
10
Let j be -1*(-1 + 16*-1). Let m = j - 15. Let p = m + 5. Calculate the remainder when 27 is divided by p.
6
Suppose -4*s + 35 = -9. Let a = 27 - s. Let x(f) = -f**3 + 7*f**2 - 3*f - 5. Calculate the remainder when x(4) is divided by a.
15
Calculate the remainder when 4 + (2 - 3) - -117 is divided by 49.
22
Suppose 2*d + 95 + 23 = 4*q, -2*d = -2*q + 60. Calculate the remainder when 139 is divided by q.
23
Calculate the remainder when -5*(-102)/45*(3 + 120) is divided by 31.
30
Let s = 8 - -7. Let l = 16 + s. What is the remainder when l is divided by 16?
15
Let s be 0 + (-7)/((-28)/24). Suppose -3*j - 9 = -s*j. Suppose -3 = -j*r + 2*r. What is the remainder when r is divided by 1?
0
Let h = -1068 - -1113. What is the remainder when 719 is divided by h?
44
Let w(c) = -c - 12. Let d be w(-6). What is the remainder when 72/3 - (-4 - -1 - d) is divided by 6?
3
Let y(m) = -4*m - 11. Let i be y(-5). Suppose -8*h + i*h + 9 = 0. Calculate the remainder when 85 is divided by 600/27 + 2/h.
19
Suppose 2*u = 6*u + 4, 0 = -2*i - u + 39. Calculate the remainder when 95 is divided by i.
15
Let y = 2169 - 2110. Calculate the remainder when 83 is divided by y.
24
Let j be ((-3)/2)/((-2)/4). Let l be j/12 - 9/4. What is the remainder when l/((10/115)/(-1)) is divided by 6?
5
Let z(q) = 3*q**2 - 13*q - 11. Let o(c) = c**2 + 6*c - 16. Calculate the remainder when o(-12) is divided by z(6).
18
Let o(a) = -2*a**3 + 46*a**2 + 2*a - 4. Calculate the remainder when o(11) is divided by 45.
42
Let s(f) = f**3 - 7*f**2 + 5*f + 6. Let i be s(6). Suppose -33*b + 31*b + 6 = i. What is the remainder when 27 is divided by (b/2)/((-3)/(-20))?
7
Let l(g) = -g**2 + 9*g - 7. Let z be l(9). Let t be 19*2 - 0/z. Suppose f - 18 = t. What is the remainder when f is divided by 19?
18
Let w(f) = f**3 + 7*f**2 + 5. Suppose -7*v = -2*v - 20. Suppose -v*x - x + 79 = -3*i, 2*x = -i + 25. What is the remainder when w(-5) is divided by x?
13
Suppose 14*z = 16*z - 198. Suppose 0 = -20*t + 21*t - 34. What is the remainder when z is divided by t?
31
Let g be 4/10 + (-4)/(-40)*-4. Suppose -c - 2*u + 11 = -g*u, -3*u - 21 = -c. What is the remainder when c is divided by 9?
6
Let z = -69 - -113. Let v = 55 - z. Suppose 51 = 4*t - 121. Calculate the remainder when t is divided by v.
10
Suppose 60*w + 418 = 82*w. Let c(u) = -15*u + 4. Calculate the remainder when c(-6) is divided by w.
18
Suppose -15*o + 413 = -1057. What is the remainder when 879 is divided by o?
95
Let z = 145 + -120. Calculate the remainder when 72 is divided by z.
22
Let r be 7/(-7) - -103*1. Let k = 39 - 27. What is the remainder when r/9*(4 - 1) is divided by k?
10
Suppose -4*p = -o - 4*o + 110, o - 1 = 5*p. What is the remainder when o is divided by 25?
1
Let r = 109 - 106. Suppose 3*c = 3*f - 105, -r*f + 9*c + 105 = 5*c. What is the remainder when f is divided by 13?
9
What is the remainder when 169 is divided by ((-12)/15)/(9333/(-1035) + 9)?
31
Suppose 0 = 2*j - 4*u + 24, 2*u + 5 = 11. Let c(z) = -78 + z**2 - 79 + 240 + 3*z - 75. Calculate the remainder when c(j) is divided by 8.
2
Suppose -2*m = -23 - 17. Let o = 12863 + -12827. What is the remainder when o is divided by m?
16
Let c be 292 + -5 + (0 - 0) + -2. Suppose 6*u = u + c. Calculate the remainder when u is divided by 30.
27
Let h = 357 - 287. What is the remainder when h is divided by 26?
18
Suppose -2*p - 4*f + 10 = 0, 2*p + 2*f + 1 = 9. Suppose -48 = -3*z + 5*y, -3*y = p*z - 2*y - 48. What is the remainder when z is divided by 9/((6/(-3))/(-2))?
7
Let g = -99 - -104. Suppose -2*h - 2*h = -g*r - 123, 2*r + 62 = 2*h. Calculate the remainder when 125 is divided by h.
29
Let i(j) = -j**2 + 7*j + 10. Let q be i(8). Let r(a) = -2*a**2 + 7 + 4*a**q + 0*a**2 + 10*a. Calculate the remainder when r(-6) is divided by 7.
5
Let u(b) = 12*b + 5. Let h be u(4). Let y = h + -47. Let c(q) = 3*q**2 - q + 1. Calculate the remainder when c(2) is divided by y.
5
Let q be 8 + -4 + 0 - -123. Suppose -5*j - 2 = -q. What is the remainder when 6/4*-16*-3 is divided by j?
22
Let y = -578 + 582. Calculate the remainder when 28 is divided by y.
0
Let g(u) = 5*u**2 + 13*u + 6. Let p be g(-5). What is the remainder when 35 is divided by (1661/p - (-1)/(-6))/1?
10
Let a(v) = v**3 + 5*v**2 - 2*v + 4. Let b be a(-5). Let w(y) = -3*y - 2. Let d be w(2). Let q = b - d. Calculate the remainder when 43 is divided by q.
21
Suppose 0 = -2*r + 3*r + 5*s - 182, -12 = -4*s. Suppose -2*w + 10 + 74 = 0. Calculate the remainder when r is divided by w.
41
What is the remainder when -1 - (2 + -4) - (24 + -39) is divided by 5?
1
Let x(c) = c**2 - c - 6. Let u be x(0). Let o(a) = a + 7. Let s be o(13). Let v = u + s. What is the remainder when 53 is divided by v?
11
Let u = 72 - 42. Suppose n - 3*y = -7, n = 4*y - 17 + 5. What is the remainder when u is divided by n?
6
Suppose -2*v + 3*q = -245, -2*v + 2*q + 122 + 120 = 0. Let h = v + -114. Calculate the remainder when 38 is divided by h.
2
Let n be 6/(-30) + 21/5. Suppose -a = -n*a. Suppose a = r - j - 6, 5*j + 13 = 3*r - 9. What is the remainder when 11 is divided by r?
3
Let k(g) = -g + 20. Let u be k(7). Suppose -2*f = 7 - u. Calculate the remainder when f/2*80/10 is divided by 3.
0
Suppose 5*y = -x + 43, -10*x = -4*y - 13*x + 30. Calculate the remainder when 304 is divided by y.
7
Suppose 13*b = 8*b + 30. Calculate the remainder when 206 is divided by b.
2
Let m be -6 + 8 + (-3 - -6). Calculate the remainder when 45 is divided by (-7 + m)*(-12 + 4).
13
Let b(n) = -n**3 - n**2 - n + 47. Let m(r) = 2*r**2 + 16*r - 6. Let f be m(-8). What is the remainder when b(0) is divided by (-24)/(-3)*(-1)/f*9?
11
Let q(s) = -2*s - 22. Let f be q(-8). Calculate the remainder when 2/f*-2*9*1 is divided by 2.
0
Let o(c) = -c**3 - c**2 - 2*c - 27. Let l be o(0). What is the remainder when (-18)/l - (-148)/12 is divided by (3/2)/3*14?
6
Let n = -10 + 12. Suppose -4*x + 3*p - 4*p + 115 = 0, -3*p + 65 = n*x. What is the remainder when x is divided by (-14)/(-7)*7/(28/30)?
13
Let y be (-4)/6*(-351)/(-18). What is the remainder when (-4)/(-4)*(4 - y)*2 is divided by 7?
6
Let l(m) = 92*m + 138. What is the remainder when 1977 is divided by l(-1)?
45
Suppose 119*p - 118*p - 39 = 0. What is the remainder when 49 is divided by p?
10
Suppose -2*z = 2*z. Suppose z = 14*j - 12*j - 224. Calculate the remainder when j is divided by 23.
20
Suppose -34 = -3*c - 37, -2*n + 197 = 5*c. Let s(m) = 8*m**2 - 2*m - 2. Let h be (-1)/2 + 10/4. Calculate the remainder when n is divided by s(h).
23
Suppose -25 = 5*w, x - 4*w - 35 = -2*x. Let p = -50 + 83. Let z = p + -15. Calculate the remainder when z is divided by x.
3
Suppose -68 - 34 = -6*f. Let m = 28 - f. Calculate the remainder when 14/35 - (-93)/5 is divided by m.
8
Let z be (40/6)/(6/18). Suppose -5*f - 4*u + 7 + 15 = 0, -4*f + z = 4*u. What is the remainder when 6 is divided by f?
0
Let o(d) = -90*d + 911. Calculate the remainder when -32*(1 - (0 + 2)) is divided by o(10).
10
Suppose 400 = 36*m - 1292. Calculate the remainder when m is divided by 2.
1
Suppose 0*d = d - 15. Let n(f) = 7*f**2 + 2*f 